1
List the prime factors of 14658516.
2, 3, 135727
What are the prime factors of 1117765426?
2, 558882713
What are the prime factors of 23479938?
2, 3, 983, 1327
List the prime factors of 3774402171.
3, 29, 4820437
What are the prime factors of 126598412?
2, 137, 231019
What are the prime factors of 2358652657?
61, 67, 577111
List the prime factors of 1219183684.
2, 233, 1308137
What are the prime factors of 49864410?
2, 3, 5, 61561
What are the prime factors of 218538050?
2, 5, 4370761
List the prime factors of 293620764.
2, 3, 433, 56509
What are the prime factors of 28861145?
5, 71, 81299
What are the prime factors of 1884599415?
3, 5, 23, 1820869
List the prime factors of 51826620.
2, 3, 5, 257, 3361
What are the prime factors of 777946355?
5, 19, 1487, 5507
List the prime factors of 2096718335.
5, 16189, 25903
List the prime factors of 1134601629.
3, 7, 54028649
What are the prime factors of 75422775?
3, 5, 1005637
List the prime factors of 445860897.
3, 19, 89, 179, 491
List the prime factors of 2927874211.
277, 10569943
What are the prime factors of 63165445?
5, 7, 31, 58217
What are the prime factors of 119600344?
2, 83, 281, 641
What are the prime factors of 2143064141?
2143064141
What are the prime factors of 247857672?
2, 3, 37, 279119
List the prime factors of 625459023.
3, 7, 3309307
What are the prime factors of 83159275?
5, 41, 81131
What are the prime factors of 153628245?
3, 5, 126443
List the prime factors of 122857402.
2, 17, 31, 41, 2843
What are the prime factors of 209373221?
209373221
List the prime factors of 45462092.
2, 13, 874271
What are the prime factors of 1344941810?
2, 5, 971, 138511
What are the prime factors of 165745216?
2, 7, 13, 149, 191
List the prime factors of 5353350494.
2, 179, 3853, 3881
What are the prime factors of 7652167940?
2, 5, 29, 13193393
What are the prime factors of 122356234?
2, 7, 11, 13, 8731
List the prime factors of 37268717.
23, 1620379
List the prime factors of 3772297936.
2, 11, 389, 5009
What are the prime factors of 149618432?
2, 584447
What are the prime factors of 53672923?
53672923
List the prime factors of 2333374627.
17, 6703, 20477
What are the prime factors of 5719898?
2, 2859949
List the prime factors of 177241095.
3, 5, 173, 7589
What are the prime factors of 349457761?
31, 389, 28979
What are the prime factors of 214101610?
2, 5, 37, 277, 2089
List the prime factors of 94071496.
2, 11758937
What are the prime factors of 116257230?
2, 3, 5, 29, 44543
List the prime factors of 32643964.
2, 8160991
List the prime factors of 53424978.
2, 3, 8904163
What are the prime factors of 72762120?
2, 3, 5, 359, 563
List the prime factors of 51092490.
2, 3, 5, 29, 58727
List the prime factors of 142519334.
2, 3761, 18947
List the prime factors of 155535280.
2, 5, 947, 2053
List the prime factors of 1162322.
2, 7, 83023
What are the prime factors of 127191065?
5, 25438213
What are the prime factors of 863599822?
2, 2837, 152203
What are the prime factors of 80362028?
2, 1567, 12821
List the prime factors of 845764585.
5, 169152917
List the prime factors of 415061120.
2, 5, 17, 38149
What are the prime factors of 191179729?
13, 19, 59539
List the prime factors of 1463078499.
3, 79, 6173327
What are the prime factors of 12425662?
2, 6212831
What are the prime factors of 40736927?
7, 11, 529051
List the prime factors of 261689895.
3, 5, 5815331
List the prime factors of 996171761.
13, 76628597
What are the prime factors of 112974966?
2, 3, 13, 160933
List the prime factors of 364382854.
2, 11, 29, 571133
What are the prime factors of 5276777637?
3, 43, 40905253
What are the prime factors of 1347577224?
2, 3, 7, 1145899
List the prime factors of 1493006038.
2, 23, 101, 211, 1523
List the prime factors of 352413229.
7, 50344747
What are the prime factors of 191092017?
3, 181, 351919
What are the prime factors of 84605421?
3, 37, 762211
List the prime factors of 10152917.
2341, 4337
What are the prime factors of 229029522?
2, 3, 38171587
List the prime factors of 47440310.
2, 5, 61, 83, 937
What are the prime factors of 22979243?
7, 43, 76343
What are the prime factors of 38758785?
3, 5, 13, 47, 4229
What are the prime factors of 173300201?
29, 5975869
What are the prime factors of 516290397?
3, 7, 61, 403037
What are the prime factors of 2178898053?
3, 5011, 144941
List the prime factors of 315962856.
2, 3, 11, 19, 2333
What are the prime factors of 523284516?
2, 3, 937, 5171
What are the prime factors of 543376968?
2, 3, 37, 67, 9133
What are the prime factors of 1618648279?
28703, 56393
What are the prime factors of 232233308?
2, 58058327
What are the prime factors of 328803039?
3, 2539, 14389
What are the prime factors of 66268725?
3, 5, 239, 3697
List the prime factors of 346675028.
2, 7, 179, 263
List the prime factors of 15849317.
11, 1440847
What are the prime factors of 4849510760?
2, 5, 43, 47, 239, 251
What are the prime factors of 3191496512?
2, 227, 219679
List the prime factors of 42297820.
2, 5, 97, 21803
List the prime factors of 2856827316.
2, 3, 7, 97, 350617
What are the prime factors of 3838688963?
16823, 228181
What are the prime factors of 111320751?
3, 37106917
List the prime factors of 1344199536.
2, 3, 19, 79, 691
What are the prime factors of 2560055511?
3, 13, 587, 111827
List the prime factors of 351111598.
2, 43, 4082693
What are the prime factors of 159971949?
3, 163, 223
List the prime factors of 10896426.
2, 3, 37, 16361
List the prime factors of 1701574641.
3, 13, 257, 1451
List the prime factors of 427936960.
2, 5, 11, 61, 1993
What are the prime factors of 26777650?
2, 5, 19, 71, 397
List the prime factors of 283490863.
29, 379, 25793
What are the prime factors of 25070804?
2, 11, 19, 29989
List the prime factors of 106424958.
2, 3, 17737493
What are the prime factors of 399899343?
3, 79, 1687339
What are the prime factors of 697094992?
2, 11, 89, 191, 233
What are the prime factors of 226175675?
5, 11, 23, 35759
List the prime factors of 3462183685.
5, 24379, 28403
What are the prime factors of 165277593?
3, 13, 1412629
List the prime factors of 9940527.
3, 241, 4583
List the prime factors of 117321722.
2, 7, 8380123
List the prime factors of 2217853524.
2, 3, 17, 373, 29147
What are the prime factors of 1016141900?
2, 5, 10161419
What are the prime factors of 77347368?
2, 3, 7, 43, 83
What are the prime factors of 1800225258?
2, 3, 13, 23079811
List the prime factors of 1168850514.
2, 3, 13, 14985263
What are the prime factors of 251629242?
2, 3, 41938207
List the prime factors of 108848311.
11, 13, 761177
List the prime factors of 397296052.
2, 17, 5842589
What are the prime factors of 46402790?
2, 5, 7, 662897
List the prime factors of 40423424.
2, 71, 139
What are the prime factors of 127019180?
2, 5, 19, 334261
What are the prime factors of 399818245?
5, 79963649
List the prime factors of 14343362.
2, 11, 651971
What are the prime factors of 534611761?
6961, 76801
What are the prime factors of 200401768?
2, 7, 37, 41, 337
List the prime factors of 3005047050.
2, 3, 5, 137, 349, 419
What are the prime factors of 232308099?
3, 25812011
What are the prime factors of 3884852?
2, 37, 26249
What are the prime factors of 182490940?
2, 5, 89, 102523
List the prime factors of 928447880.
2, 5, 1069, 21713
What are the prime factors of 1700203136?
2, 881, 15077
List the prime factors of 35184633.
3, 11, 53, 20117
What are the prime factors of 149590629?
3, 19, 874799
What are the prime factors of 443449257?
3, 147816419
What are the prime factors of 186106654?
2, 89, 1045543
List the prime factors of 128317363.
128317363
What are the prime factors of 593720748?
2, 3, 2843, 5801
What are the prime factors of 50676484?
2, 107, 167, 709
List the prime factors of 294488632.
2, 36811079
What are the prime factors of 628239704?
2, 67, 193, 6073
List the prime factors of 20911681.
7, 41, 1487
What are the prime factors of 27642919?
27642919
List the prime factors of 92951757.
3, 29, 356137
What are the prime factors of 1537545605?
5, 59, 5212019
What are the prime factors of 3212745412?
2, 5413, 148381
List the prime factors of 310311446.
2, 23, 109, 199, 311
What are the prime factors of 5330838350?
2, 5, 4519, 23593
What are the prime factors of 4010610749?
7643,